-19. Let w be (1/1 + -1)*-1. Suppose 3*q - 51 = -w*q. Calculate the remainder when q is divided by n.
2
Let q = -6 + 16. Calculate the remainder when 38 is divided by q.
8
Suppose 5*j - 74 = 6. Calculate the remainder when 141 is divided by j.
13
Suppose 0 = j + 3*j - 20. Suppose i - 40 = -j*k - 3*i, -k - 6 = -2*i. Suppose -k*y + 3*y = -10. What is the remainder when 18 is divided by y?
8
Suppose -15 - 5 = -4*p. What is the remainder when 16 is divided by p?
1
Let m = 17 + -11. What is the remainder when m is divided by -4*-1*(2 + -1)?
2
Let l(c) = c - 9. Let u(g) = -g + 18. Let z(p) = -7*l(p) - 4*u(p). What is the remainder when 21 is divided by z(-7)?
9
Let h = -3 - -2. Let n be (h + 0)*9 + 2. Let a = n - -13. Calculate the remainder when 11 is divided by a.
5
Let c = -8 + 18. Let s = 5 + c. Calculate the remainder when 27 is divided by s.
12
Let j(i) = 17*i - 1. What is the remainder when j(5) is divided by 29?
26
Let b = -3 - -4. Suppose 2*y = -b + 7. Suppose 7*h - 28 = y*h. Calculate the remainder when 13 is divided by h.
6
Suppose 4*c - 20 = 12. What is the remainder when c is divided by 5?
3
Calculate the remainder when 50 is divided by (17 + 0)*(0 - -1).
16
Suppose -2*u - f + 3 = -2, 4*u - 7 = -f. Suppose 0 = -5*g, u = 3*s + g - 11. What is the remainder when (-4)/7*(-14)/s is divided by 1?
0
Let m be (-21)/(-3) + 0 + 1. What is the remainder when 34 is divided by (-35)/(-4) - (-2)/m?
7
Let n = -114 + 149. What is the remainder when 66 is divided by n?
31
Calculate the remainder when 101 is divided by 166/8 + (-5)/(-20).
17
Let j be (4/10)/(1/(-5)). Let w be ((-2)/(-4))/(j/(-12)). Suppose -w*t = -5*a + 2*t + 15, 5*a + 5*t = 45. What is the remainder when 11 is divided by a?
5
Let f = -117 - -144. Calculate the remainder when 103 is divided by f.
22
Suppose -f + 57 = 2*f. Calculate the remainder when 55 is divided by f.
17
Suppose 3*c - 66 = -3*r, -3*r + 24 = c - 0. Let z = 141 + -59. What is the remainder when z is divided by c?
19
Let d(j) = j**2 - 18*j + 10. What is the remainder when 16 is divided by d(18)?
6
Let v be (3/1)/(4/20). Suppose 35 = 2*l + 3*b, l + v = 4*l - 3*b. What is the remainder when 17 is divided by l?
7
Calculate the remainder when (-10)/(-85) - (-1885)/17 is divided by 38.
35
Let d = 77 + -31. What is the remainder when 88 is divided by d?
42
Let y(i) = i**3 + i**2 - i + 3. Suppose 0 = -l - 6*l + 7. What is the remainder when y(0) is divided by l?
0
Suppose 8 + 5 = 4*c + 5*i, -1 = -i. Let w(r) = 9 + 2 + c + r. What is the remainder when 11 is divided by w(-9)?
3
Let p be -1*1 - (23 - 6). Let v be (-94)/p + (-4)/18. Suppose -v*b = -3*b - 56. Calculate the remainder when b is divided by 15.
13
Suppose -g - 4*q - 7 = 0, 5*g - 5*q = 22 - 82. Let n = 23 + g. What is the remainder when 44 is divided by n?
8
What is the remainder when ((-3)/6)/(-2*(-1)/(-108)) is divided by 6?
3
Suppose -5*x - 30 = -7*x. Calculate the remainder when 56 is divided by x.
11
Let m(s) = 2*s**3 - 2*s**2 - 3*s + 3. Let t(o) = o**2 + 4*o - 3. Calculate the remainder when t(-6) is divided by m(2).
4
Let h be (-15)/(-10)*(-2)/(-1). Let v = 0 + 0. Suppose -q + v*q = -k - h, -q = k - 7. Calculate the remainder when k is divided by 2.
0
Suppose -3*l - 3*k + 72 = 0, l = -0*k + 2*k + 12. Calculate the remainder when l is divided by 7.
6
Calculate the remainder when 100 is divided by (-1)/1 + (96/4 - -3).
22
Suppose 358 = 2*d - 28. Calculate the remainder when d is divided by 15.
13
Let b(d) = d**2 - d - 1. Let r be b(-2). Suppose 0 = 2*c - j - 25, c + r*j - 10 = 30. Calculate the remainder when c is divided by 6.
3
Suppose -3*t + 21 = -0. Let z = 11 - t. Suppose -a + 40 = z*a. What is the remainder when 15 is divided by a?
7
Let w(f) = 3*f**2 + 6*f - 2. Calculate the remainder when w(-6) is divided by 36.
34
What is the remainder when 4/6 - (-480)/36 is divided by 4?
2
Let x = 17 - -4. Suppose -12 = 3*f, 0 = -2*o + 4*f - 5*f + 68. Suppose 0 = -2*r + 7*r - 3*c - 190, r - o = c. What is the remainder when r is divided by x?
20
Let k = 10 - 7. Let s = 4 + k. Suppose 1 = -2*m + v + 2, -19 = 2*m - 5*v. What is the remainder when s is divided by m?
1
Let y(k) = -3*k - 75. Let g(j) = 25*j - 1. Calculate the remainder when g(1) is divided by y(-28).
6
Let r = -82 - -117. What is the remainder when r is divided by (-7 - -5)/((-4)/26) - 4?
8
What is the remainder when (1 - 60)*2/4*-2 is divided by 15?
14
Let s(n) be the first derivative of 15*n**2/2 - n - 2. What is the remainder when 27 is divided by s(1)?
13
Let n = -2 - -3. Suppose 2*d - 26 = 4*x, -2*x - 2*x + n = d. Calculate the remainder when 25 is divided by d.
7
Let u be (-8)/28 - 10/14. Let f(w) = 22*w**2 - 1. Calculate the remainder when 83 is divided by f(u).
20
Suppose -3*b + 11 + 7 = 0. Let m = b + -4. Suppose -11 = -m*o + 9. What is the remainder when o is divided by 4?
2
What is the remainder when 14 is divided by (-1 + 4)/(66/176)?
6
Suppose -7*b = -3*b - 8. Suppose -x = -b*x + 7. Suppose 0 = -3*l + 94 - x. Calculate the remainder when l is divided by 10.
9
Let s be 157/5 + (-2)/5. Suppose -2*o - 3*m = -23, 0*m = -3*o - m + s. Suppose 5*v + 30 = o, v = 4*c - 16. Calculate the remainder when 9 is divided by c.
0
Suppose -5*g + 2 = -8. Let d = 0 - -2. Suppose d*v - v = 2. Calculate the remainder when g is divided by v.
0
Let x be (-3)/(-1*3/(-3)). Let b be 3/x + 2 + -3. What is the remainder when 26 - (-1 + b + 2) is divided by 14?
13
Suppose -v = 2*v - 24. What is the remainder when 13 is divided by v?
5
Let u(d) = d**2 + 5*d + 26. Let h(y) = -y**2 - 4*y - 26. Let j(t) = -6*h(t) - 5*u(t). What is the remainder when j(0) is divided by 7?
5
Let c = -19 - -27. What is the remainder when c is divided by 5?
3
Suppose -5*o = r + 6, -3*r - 2*o + 3*o = -14. Let s(n) = n**2 - 2*n + 3. Calculate the remainder when 43 is divided by s(r).
10
Let p(g) = -3*g - 8. Let b be p(-6). Suppose 4*v + b = 2*y, 3*y - v = -3*v + 47. Calculate the remainder when 37 is divided by y.
11
Let p = -23 + 36. What is the remainder when 49 is divided by p?
10
Let f = -41 - -59. Suppose -2*n + 9*t = 5*t + 10, 5*n - 50 = -5*t. Suppose 2*y + n*x = -y + f, -y = 4*x + 1. Calculate the remainder when 21 is divided by y.
10
Let c = -9 + 22. Let l(p) = 2*p**3 - 3*p**2 - 7*p + 4. Let q be l(5). Suppose -m + q = 3*m. What is the remainder when m is divided by c?
10
Suppose -4*s - 4*u - 56 = 0, -2*s = -7*s - 2*u - 55. Suppose -7 - 2 = -3*n. What is the remainder when n/s*-3 + 37 is divided by 13?
12
What is the remainder when (-14)/21*(-55 + -2) is divided by 8?
6
Let a = 126 - 82. Suppose 3*n + n - a = 0. What is the remainder when n is divided by 3?
2
Suppose -4*t + 134 = -18. Let s = -7 + t. Suppose 44 = 99*j - 95*j. Calculate the remainder when s is divided by j.
9
Let d(y) = -y - 12. Let w be d(-6). Calculate the remainder when (24/18)/(w/(-153)) is divided by 9.
7
Suppose 0*c - 1 = c. Let n = 2 + c. Let j = 25 + -24. Calculate the remainder when j is divided by n.
0
Let t(h) = 4*h - 10*h + 8*h - 4. What is the remainder when 53 is divided by t(6)?
5
Let t = 11 - -2. Calculate the remainder when 64 is divided by t.
12
Suppose 8 = 3*u - 43. Calculate the remainder when 65 is divided by u.
14
Let s = 75 - 53. What is the remainder when s is divided by 12?
10
Let t = 1 + 20. Calculate the remainder when t is divided by 9.
3
Suppose 7*i + z - 61 = 3*i, -22 = -3*i + 4*z. Let f = -25 - -7. Let j = f - -26. Calculate the remainder when i is divided by j.
6
Let l(r) = -r**3 - 4*r**2 + 3*r - 4. What is the remainder when l(-5) is divided by 4?
2
Suppose 0 = 2*l + 3*o - 65, -3*l + 3*o = -0*l - 90. What is the remainder when l is divided by 11?
9
Let l(f) = -f**3 - f + 7. Let s be l(0). Suppose 0 = g - 35 + s. Suppose g = 2*h - 4. What is the remainder when h is divided by 6?
4
Let g(m) = m**2 - 7*m + 3. What is the remainder when (-5)/(-2)*2 + 26 is divided by g(8)?
9
Let p(g) = -3*g**3 - 2*g**2 - 3*g - 2. Let i be p(-2). Suppose -2*s = -i - 2. Calculate the remainder when 42 is divided by s.
9
Suppose -5*q = 3*m - 34 - 138, -4*m + 201 = q. Suppose 3*p = -2*a - 24, 5*a + 3*p = -42 - 36. Let x = m - a. Calculate the remainder when x is divided by 17.
16
Suppose 5*q + 4*i - 280 = 0, -q - 3*i = 2*q - 171. What is the remainder when 149 is di